-10. What are the prime factors of v?
2, 5
Let i(o) = 46*o. Let j be i(2). Suppose 5*p - 63 = j. Let a = -11 + p. List the prime factors of a.
2, 5
Let s(i) = 14*i - 28. What are the prime factors of s(6)?
2, 7
Suppose 5*q - 23 = 3*r + r, 4*q - 4*r = 20. Suppose t - 12 = -a, 2*t + q*a - 13 = 16. Let i = t - 3. List the prime factors of i.
2
Let t be (-2 - 9/(-12))*-4. Suppose t*l + 2 = 22. Suppose -3*n + 5*k + l = -7*n, 0 = -5*n + k + 24. List the prime factors of n.
2
Let s be 236/12 + 4/(-6). Let b = 17 + s. Suppose c + 3*j = 9, -4*c + b = -4*j + 2*j. What are the prime factors of c?
3
What are the prime factors of 29 - 17 - (-4)/2?
2, 7
Let y(b) = -1 - 3*b**2 + 2*b**2 + b + 4*b. Let o be y(4). Suppose 2*p = -o + 35. List the prime factors of p.
2
Let l(g) = -8*g - 1. What are the prime factors of l(-13)?
103
What are the prime factors of (4 - 6 - -6) + 15?
19
Let k(l) = 4*l + 5. Suppose 2 = 5*b - p - 50, -3*p = -5*b + 56. List the prime factors of k(b).
3, 5
Suppose 5*b - 5*g - 470 = 0, 4*b - 8*b - g = -356. What are the prime factors of b?
2, 3, 5
Let y(l) be the third derivative of l**6/720 + l**5/15 + l**4/24 - 3*l**2. Let b(n) be the second derivative of y(n). List the prime factors of b(-6).
2
Let p = 2 + 5. List the prime factors of p.
7
Let q be (-4)/(-4)*1*3. Let n be (1/(-3))/(q/(-36)). Let h(l) = 2*l - 4. List the prime factors of h(n).
2
Let v be ((-10)/(-6))/((-1)/(-3)). Suppose -3 = v*t + 2. Let u(r) = 6*r**2 + r. List the prime factors of u(t).
5
Suppose 4*d + 5*f = 32, -4*d = 3*f - 30 + 6. What are the prime factors of d?
3
Let h = -261 - -377. Suppose 4*c = h - 0. List the prime factors of c.
29
Let v(h) be the second derivative of h**3/6 - h**2 + 4*h. List the prime factors of v(6).
2
List the prime factors of (-267)/(-4) - (-2)/8.
67
Let g(d) = 44*d. Let j = 7 - 6. What are the prime factors of g(j)?
2, 11
Suppose -4*i = i + 45. Let z be -2 + (-2 - i) - 2. Let c(f) = f**3 - 3*f**2 + 2. What are the prime factors of c(z)?
2
Let x(c) = -c**3 + 3*c**2 + 4*c + 3. Let l be x(4). Suppose l*o - 14 = 16. What are the prime factors of o?
2, 5
Let v(h) be the first derivative of -h**3/3 + 11*h**2/2 - 11*h + 2. Let k be v(9). Let j = k - -1. What are the prime factors of j?
2
Suppose -276 = -2*z + 5*d, -2*z - 2*d + 212 + 50 = 0. What are the prime factors of z?
7, 19
Let y(o) = o**3 + 6*o**2 + 7. Let z be y(-5). Let m = -22 + z. What are the prime factors of m?
2, 5
Let w be (-5)/(-5) + 2/2. Suppose j + 1 = p + 7, 4*j + w*p = 12. Suppose j*n + 2*d = 5*d + 15, 7 = 3*n + 2*d. List the prime factors of n.
3
Let q = -7 + 9. Let z(n) = -n - 5 - q + 3*n + 2. List the prime factors of z(10).
3, 5
Let q(m) = -m**3 + 10*m**2 - 3*m + 7. List the prime factors of q(7).
7, 19
Suppose -n + 39 + 9 = -4*w, -3*n + 3*w + 126 = 0. List the prime factors of n.
2, 5
Suppose -h = 2*l - 45, 2*h + h - 111 = -5*l. Suppose -8 = 4*y - l, -3*w + 101 = 2*y. What are the prime factors of w?
31
Suppose 0*g - 2 = g. List the prime factors of -5*g/15*3.
2
Let a(o) be the first derivative of -o**2 + 1. Suppose 2*l = f + 8, 2*f + 23 = -2*f - l. What are the prime factors of a(f)?
2, 3
Let f = -26 - -17. Let v = f + 10. Suppose 2*d - 4*z - 10 = 0, -3*z = -d - 0 + v. List the prime factors of d.
13
Suppose 2*t - 29 = 3*o, -55 = -5*t + t + 5*o. List the prime factors of (-36)/9*t/(-8).
5
Suppose -4*z + 0*z + 8 = 0. Suppose -4*n + 0*n + 4*c + 12 = 0, 0 = z*n - 3*c - 5. List the prime factors of n.
2
Let y(s) be the second derivative of s**4/12 - 5*s**3/6 - s**2 - 2*s. Let w be y(5). Let f = w - -10. What are the prime factors of f?
2
Let v be -1*(-2 - -4) + 1. Let z = v - -12. What are the prime factors of z?
11
Let y(p) = p**2 + 10*p - 8. Let n be y(-11). Suppose n*v - 106 = -4*r, 4*r - 8*v = -3*v + 90. What are the prime factors of r?
5
List the prime factors of (-3)/(-1)*(-1197)/(-27).
7, 19
Let f(t) = -8*t + 9. List the prime factors of f(-5).
7
Let h = -6 + 7. Suppose -6 = k - h. Let l = k - -17. What are the prime factors of l?
2, 3
Let f be (-4)/(-22) - 42/(-11). Suppose 1 + f = n. Suppose n*y - 21 = 3*a, -7 - 32 = -5*y - 3*a. List the prime factors of y.
2, 3
Let n = 39 + 68. What are the prime factors of n?
107
Suppose -2*d + 0*d - 6 = 0. Let j = 1 - d. Suppose s + 7 = j*y + 1, 2*s - 5*y = 0. List the prime factors of s.
2, 5
Let f(d) = 23*d + 30. What are the prime factors of f(8)?
2, 107
Let p(i) = 5*i - 3. Suppose 3*q + 6 = -3*a, -11 = 4*q + 1. Let y be (-2)/(2 + -3)*a. List the prime factors of p(y).
7
Suppose -q = -2*z - 110, -2*q - 4*z + z + 199 = 0. What are the prime factors of q?
2, 13
Suppose 0 = -3*i + 15, -3*u + 4*i - 6*i + 85 = 0. What are the prime factors of u?
5
Let b(k) = 15*k. What are the prime factors of b(5)?
3, 5
Let m = 0 - 0. Suppose m = -p + 2 - 0. List the prime factors of ((-5)/p)/((-5)/20).
2, 5
Let t(b) = b + 11. Let a be t(-10). What are the prime factors of (-12)/(-4) - (-16 + a)?
2, 3
Suppose 5*n + 7 - 18 = 3*a, -19 = -a - 4*n. Let c = a - 1. Suppose c*l = 20 - 6. List the prime factors of l.
7
Suppose 3*q = w - 4 - 58, 327 = 5*w + 2*q. List the prime factors of w.
5, 13
Let q = -7 + 10. List the prime factors of 54/q + -3 + 0.
3, 5
Let r = 38 + -73. What are the prime factors of r/14*(1 - 5)?
2, 5
Let q(m) = -11*m - 54. List the prime factors of q(-22).
2, 47
Let q(k) be the second derivative of k**4/6 - 5*k**3/6 - k**2 + 4*k. List the prime factors of q(4).
2, 5
Let r(b) = b**3 + 5*b**2 + 4*b + 4. Let m be (3 - 30/8)*4. List the prime factors of r(m).
2, 5
Suppose -15 = 5*r, 4*b - 113 = 4*r - r. List the prime factors of b.
2, 13
Suppose 0 = -2*s - 4*s. Let k(r) = 2*r**3 - 3*r**2 + r - 1. Let o be k(2). Suppose s = -o*b + 4 + 11. List the prime factors of b.
3
List the prime factors of -1*(-102)/(-9)*-3.
2, 17
Let w(u) = -u**2 + 9*u - 5. Let n be w(7). Suppose n*g - 11*g + 68 = 0. What are the prime factors of g?
2, 17
Let q(f) = 4*f + 2. Let i(s) = -s + 11. Let y be i(5). What are the prime factors of q(y)?
2, 13
Let t = 9 + -4. Suppose -4*j - 21 - 2 = -t*z, 0 = 4*z - 4*j - 16. List the prime factors of z.
7
Suppose -5*t + 83 + 42 = 0. List the prime factors of t.
5
What are the prime factors of ((-16)/(-6)*-2)/((-46)/345)?
2, 5
Let y(k) = k**2 + 3*k - 5. Let r be y(-5). Let p(f) = -r*f**2 + f + f - 5 + f**3 - 6*f. List the prime factors of p(6).
7
What are the prime factors of ((-2)/4)/(1/(-422))?
211
Suppose 5*o = -3*h + 7, -1 = o - 0. List the prime factors of (0 - 23/(-4))*h.
23
Suppose 9 = j + 4. Suppose -a + 61 = -4*t - 0*t, 0 = -j*a + t + 267. List the prime factors of a.
53
Suppose -5*u + 233 + 852 = 5*d, u + 5*d = 229. What are the prime factors of u?
2, 107
Let k be (-3)/(0 + -1) - -160. Suppose -3*i + 5*i - 110 = y, -k = -3*i + y. Suppose 3*f - i = 1. What are the prime factors of f?
2, 3
Let z be -6 - ((-2)/2 + -1). Let b be 12/(-20) - z/(-10). What are the prime factors of 0 - (b - -1) - -7?
7
Suppose 2*r - 2 + 38 = 0. List the prime factors of 3*2*(-33)/r.
11
Suppose 215 - 3 = 2*z. List the prime factors of z.
2, 53
Suppose -112 = l + l. Let v = -31 - l. List the prime factors of v.
5
Let q = -1 + 2. Suppose -3*r = q - 10. Suppose r*u - 10 = 20. What are the prime factors of u?
2, 5
Suppose 3*f = -0*f + 30. Let x = -3 + f. List the prime factors of (0 - 0) + (x - 0).
7
Let j = 16 + -7. Suppose -3*d = -24 - j. List the prime factors of d.
11
Let n(z) = -2*z + 7. Let o be n(7). Let m = o + 7. Suppose -4*g + 2*p = m, 0 = 4*g - 6*g - 5*p + 24. List the prime factors of g.
2
Suppose -2*z = -14 - 4. Let f = 25 - z. List the prime factors of f.
2
Suppose 2*i - 3*i + 20 = 0. List the prime factors of i.
2, 5
Let h = 31 + -25. What are the prime factors of h?
2, 3
Let t(x) = -x**2 - 11*x - 4. List the prime factors of t(-5).
2, 13
Suppose y - 1 - 1 = -2*b, 3*y = 12. List the prime factors of (-1)/(b/(2 - -17)).
19
Let k(z) = -77*z + 11. What are the prime factors of k(-3)?
2, 11
Suppose 4*n + 13 = q - 27, 3*q = -4*n + 40. List the prime factors of q.
2, 5
Suppose 0 = 5*s - 4 - 6. Let t = s - 0. What are the prime factors of t?
2
Let h(c) = -c**3 + 3*c**2 + c + 1. Let u be h(3). Suppose -u*b = r - 10, 2*r + 3 + 1 = 0. List the prime factors of b.
3
Suppose 11 = r - 43. List the prime factors of r.
2, 3
Suppose -1 + 3 =